{"id":1973,"date":"2026-04-12T18:09:48","date_gmt":"2026-04-12T16:09:48","guid":{"rendered":"https:\/\/www.archphoto.cz\/?page_id=1973"},"modified":"2026-04-15T14:35:02","modified_gmt":"2026-04-15T12:35:02","slug":"23-letna","status":"publish","type":"page","link":"https:\/\/www.archphoto.cz\/?page_id=1973","title":{"rendered":"23 Letn\u00e1"},"content":{"rendered":"\t\t<div data-elementor-type=\"wp-page\" data-elementor-id=\"1973\" class=\"elementor elementor-1973\">\n\t\t\t\t<div class=\"elementor-element elementor-element-46ccd48 e-flex e-con-boxed e-con e-parent\" data-id=\"46ccd48\" data-element_type=\"container\">\n\t\t\t\t\t<div class=\"e-con-inner\">\n\t\t\t\t<div class=\"elementor-element elementor-element-d64cca4 elementor-widget elementor-widget-spacer\" data-id=\"d64cca4\" data-element_type=\"widget\" data-widget_type=\"spacer.default\">\n\t\t\t\t\t\t\t<div class=\"elementor-spacer\">\n\t\t\t<div class=\"elementor-spacer-inner\"><\/div>\n\t\t<\/div>\n\t\t\t\t\t\t<\/div>\n\t\t\t\t\t<\/div>\n\t\t\t\t<\/div>\n\t\t<div class=\"elementor-element elementor-element-80095de e-flex e-con-boxed e-con e-parent\" data-id=\"80095de\" data-element_type=\"container\">\n\t\t\t\t\t<div class=\"e-con-inner\">\n\t\t\t\t<div class=\"elementor-element elementor-element-b70970e elementor-widget elementor-widget-text-editor\" data-id=\"b70970e\" data-element_type=\"widget\" data-widget_type=\"text-editor.default\">\n\t\t\t\t\t\t\t\t\t<p style=\"text-align: left;\">Ing.arch. Jakub Fi\u0161er<\/p><p style=\"text-align: left;\">interi\u00e9r bytu na Letn\u00e9<\/p>\t\t\t\t\t\t\t\t<\/div>\n\t\t\t\t\t<\/div>\n\t\t\t\t<\/div>\n\t\t<div class=\"elementor-element elementor-element-b619628 e-flex e-con-boxed e-con e-parent\" data-id=\"b619628\" data-element_type=\"container\">\n\t\t\t\t\t<div class=\"e-con-inner\">\n\t\t\t\t<div class=\"elementor-element elementor-element-f829b89 elementor-widget elementor-widget-image-gallery\" data-id=\"f829b89\" data-element_type=\"widget\" data-widget_type=\"image-gallery.default\">\n\t\t\t\t\t\t\t<div class=\"elementor-image-gallery\">\n\t\t\t\n\t\t<style type=\"text\/css\">\n\t\t\t#gallery-1 {\n\t\t\t\tmargin: auto;\n\t\t\t}\n\t\t\t#gallery-1 .gallery-item {\n\t\t\t\tfloat: left;\n\t\t\t\tmargin-top: 10px;\n\t\t\t\ttext-align: center;\n\t\t\t\twidth: 100%;\n\t\t\t}\n\t\t\t#gallery-1 img {\n\t\t\t\tborder: 2px solid #cfcfcf;\n\t\t\t}\n\t\t\t#gallery-1 .gallery-caption {\n\t\t\t\tmargin-left: 0;\n\t\t\t}\n\t\t\t\/* see gallery_shortcode() in wp-includes\/media.php *\/\n\t\t<\/style>\n\t\t<div id='gallery-1' class='gallery galleryid-1973 gallery-columns-1 gallery-size-medium_large'><dl class='gallery-item'>\n\t\t\t<dt class='gallery-icon landscape'>\n\t\t\t\t<a data-elementor-open-lightbox=\"yes\" data-elementor-lightbox-slideshow=\"f829b89\" data-elementor-lightbox-title=\"Letna01\" data-e-action-hash=\"#elementor-action%3Aaction%3Dlightbox%26settings%3DeyJpZCI6MTk3OCwidXJsIjoiaHR0cHM6XC9cL3d3dy5hcmNocGhvdG8uY3pcL3dwLWNvbnRlbnRcL3VwbG9hZHNcLzIwMjZcLzA0XC9MZXRuYTAxLmpwZyIsInNsaWRlc2hvdyI6ImY4MjliODkifQ%3D%3D\" href='https:\/\/www.archphoto.cz\/wp-content\/uploads\/2026\/04\/Letna01.jpg'><img fetchpriority=\"high\" decoding=\"async\" width=\"768\" height=\"511\" src=\"https:\/\/www.archphoto.cz\/wp-content\/uploads\/2026\/04\/Letna01-768x511.jpg\" class=\"attachment-medium_large size-medium_large\" alt=\"\" srcset=\"https:\/\/www.archphoto.cz\/wp-content\/uploads\/2026\/04\/Letna01-768x511.jpg 768w, https:\/\/www.archphoto.cz\/wp-content\/uploads\/2026\/04\/Letna01-272x182.jpg 272w, https:\/\/www.archphoto.cz\/wp-content\/uploads\/2026\/04\/Letna01.jpg 1200w\" sizes=\"(max-width: 768px) 100vw, 768px\" \/><\/a>\n\t\t\t<\/dt><\/dl><br style=\"clear: both\" \/><dl class='gallery-item'>\n\t\t\t<dt class='gallery-icon portrait'>\n\t\t\t\t<a data-elementor-open-lightbox=\"yes\" data-elementor-lightbox-slideshow=\"f829b89\" data-elementor-lightbox-title=\"Letna10\" data-e-action-hash=\"#elementor-action%3Aaction%3Dlightbox%26settings%3DeyJpZCI6MTk4NywidXJsIjoiaHR0cHM6XC9cL3d3dy5hcmNocGhvdG8uY3pcL3dwLWNvbnRlbnRcL3VwbG9hZHNcLzIwMjZcLzA0XC9MZXRuYTEwLmpwZyIsInNsaWRlc2hvdyI6ImY4MjliODkifQ%3D%3D\" href='https:\/\/www.archphoto.cz\/wp-content\/uploads\/2026\/04\/Letna10.jpg'><img decoding=\"async\" width=\"768\" height=\"1155\" src=\"https:\/\/www.archphoto.cz\/wp-content\/uploads\/2026\/04\/Letna10-768x1155.jpg\" class=\"attachment-medium_large size-medium_large\" alt=\"\" srcset=\"https:\/\/www.archphoto.cz\/wp-content\/uploads\/2026\/04\/Letna10-768x1155.jpg 768w, https:\/\/www.archphoto.cz\/wp-content\/uploads\/2026\/04\/Letna10.jpg 798w\" sizes=\"(max-width: 768px) 100vw, 768px\" \/><\/a>\n\t\t\t<\/dt><\/dl><br style=\"clear: both\" \/><dl class='gallery-item'>\n\t\t\t<dt class='gallery-icon portrait'>\n\t\t\t\t<a data-elementor-open-lightbox=\"yes\" data-elementor-lightbox-slideshow=\"f829b89\" data-elementor-lightbox-title=\"Letna09\" data-e-action-hash=\"#elementor-action%3Aaction%3Dlightbox%26settings%3DeyJpZCI6MTk4NiwidXJsIjoiaHR0cHM6XC9cL3d3dy5hcmNocGhvdG8uY3pcL3dwLWNvbnRlbnRcL3VwbG9hZHNcLzIwMjZcLzA0XC9MZXRuYTA5LmpwZyIsInNsaWRlc2hvdyI6ImY4MjliODkifQ%3D%3D\" href='https:\/\/www.archphoto.cz\/wp-content\/uploads\/2026\/04\/Letna09.jpg'><img decoding=\"async\" width=\"768\" height=\"1155\" src=\"https:\/\/www.archphoto.cz\/wp-content\/uploads\/2026\/04\/Letna09-768x1155.jpg\" class=\"attachment-medium_large size-medium_large\" alt=\"\" srcset=\"https:\/\/www.archphoto.cz\/wp-content\/uploads\/2026\/04\/Letna09-768x1155.jpg 768w, https:\/\/www.archphoto.cz\/wp-content\/uploads\/2026\/04\/Letna09.jpg 798w\" sizes=\"(max-width: 768px) 100vw, 768px\" \/><\/a>\n\t\t\t<\/dt><\/dl><br style=\"clear: both\" \/><dl class='gallery-item'>\n\t\t\t<dt class='gallery-icon portrait'>\n\t\t\t\t<a data-elementor-open-lightbox=\"yes\" data-elementor-lightbox-slideshow=\"f829b89\" data-elementor-lightbox-title=\"Letna08\" data-e-action-hash=\"#elementor-action%3Aaction%3Dlightbox%26settings%3DeyJpZCI6MTk4NSwidXJsIjoiaHR0cHM6XC9cL3d3dy5hcmNocGhvdG8uY3pcL3dwLWNvbnRlbnRcL3VwbG9hZHNcLzIwMjZcLzA0XC9MZXRuYTA4LmpwZyIsInNsaWRlc2hvdyI6ImY4MjliODkifQ%3D%3D\" href='https:\/\/www.archphoto.cz\/wp-content\/uploads\/2026\/04\/Letna08.jpg'><img loading=\"lazy\" decoding=\"async\" width=\"768\" height=\"1155\" src=\"https:\/\/www.archphoto.cz\/wp-content\/uploads\/2026\/04\/Letna08-768x1155.jpg\" class=\"attachment-medium_large size-medium_large\" alt=\"\" srcset=\"https:\/\/www.archphoto.cz\/wp-content\/uploads\/2026\/04\/Letna08-768x1155.jpg 768w, https:\/\/www.archphoto.cz\/wp-content\/uploads\/2026\/04\/Letna08.jpg 798w\" sizes=\"(max-width: 768px) 100vw, 768px\" \/><\/a>\n\t\t\t<\/dt><\/dl><br style=\"clear: both\" \/><dl class='gallery-item'>\n\t\t\t<dt class='gallery-icon portrait'>\n\t\t\t\t<a data-elementor-open-lightbox=\"yes\" data-elementor-lightbox-slideshow=\"f829b89\" data-elementor-lightbox-title=\"Letna07\" data-e-action-hash=\"#elementor-action%3Aaction%3Dlightbox%26settings%3DeyJpZCI6MTk4NCwidXJsIjoiaHR0cHM6XC9cL3d3dy5hcmNocGhvdG8uY3pcL3dwLWNvbnRlbnRcL3VwbG9hZHNcLzIwMjZcLzA0XC9MZXRuYTA3LmpwZyIsInNsaWRlc2hvdyI6ImY4MjliODkifQ%3D%3D\" href='https:\/\/www.archphoto.cz\/wp-content\/uploads\/2026\/04\/Letna07.jpg'><img loading=\"lazy\" decoding=\"async\" width=\"768\" height=\"1155\" src=\"https:\/\/www.archphoto.cz\/wp-content\/uploads\/2026\/04\/Letna07-768x1155.jpg\" class=\"attachment-medium_large size-medium_large\" alt=\"\" srcset=\"https:\/\/www.archphoto.cz\/wp-content\/uploads\/2026\/04\/Letna07-768x1155.jpg 768w, https:\/\/www.archphoto.cz\/wp-content\/uploads\/2026\/04\/Letna07.jpg 798w\" sizes=\"(max-width: 768px) 100vw, 768px\" \/><\/a>\n\t\t\t<\/dt><\/dl><br style=\"clear: both\" \/><dl class='gallery-item'>\n\t\t\t<dt class='gallery-icon portrait'>\n\t\t\t\t<a data-elementor-open-lightbox=\"yes\" data-elementor-lightbox-slideshow=\"f829b89\" data-elementor-lightbox-title=\"Letna06\" data-e-action-hash=\"#elementor-action%3Aaction%3Dlightbox%26settings%3DeyJpZCI6MTk4MywidXJsIjoiaHR0cHM6XC9cL3d3dy5hcmNocGhvdG8uY3pcL3dwLWNvbnRlbnRcL3VwbG9hZHNcLzIwMjZcLzA0XC9MZXRuYTA2LmpwZyIsInNsaWRlc2hvdyI6ImY4MjliODkifQ%3D%3D\" href='https:\/\/www.archphoto.cz\/wp-content\/uploads\/2026\/04\/Letna06.jpg'><img loading=\"lazy\" decoding=\"async\" width=\"768\" height=\"1155\" src=\"https:\/\/www.archphoto.cz\/wp-content\/uploads\/2026\/04\/Letna06-768x1155.jpg\" class=\"attachment-medium_large size-medium_large\" alt=\"\" srcset=\"https:\/\/www.archphoto.cz\/wp-content\/uploads\/2026\/04\/Letna06-768x1155.jpg 768w, https:\/\/www.archphoto.cz\/wp-content\/uploads\/2026\/04\/Letna06.jpg 798w\" sizes=\"(max-width: 768px) 100vw, 768px\" \/><\/a>\n\t\t\t<\/dt><\/dl><br style=\"clear: both\" \/><dl class='gallery-item'>\n\t\t\t<dt class='gallery-icon portrait'>\n\t\t\t\t<a data-elementor-open-lightbox=\"yes\" data-elementor-lightbox-slideshow=\"f829b89\" data-elementor-lightbox-title=\"Letna05\" data-e-action-hash=\"#elementor-action%3Aaction%3Dlightbox%26settings%3DeyJpZCI6MTk4MiwidXJsIjoiaHR0cHM6XC9cL3d3dy5hcmNocGhvdG8uY3pcL3dwLWNvbnRlbnRcL3VwbG9hZHNcLzIwMjZcLzA0XC9MZXRuYTA1LmpwZyIsInNsaWRlc2hvdyI6ImY4MjliODkifQ%3D%3D\" href='https:\/\/www.archphoto.cz\/wp-content\/uploads\/2026\/04\/Letna05.jpg'><img loading=\"lazy\" decoding=\"async\" width=\"768\" height=\"1155\" src=\"https:\/\/www.archphoto.cz\/wp-content\/uploads\/2026\/04\/Letna05-768x1155.jpg\" class=\"attachment-medium_large size-medium_large\" alt=\"\" srcset=\"https:\/\/www.archphoto.cz\/wp-content\/uploads\/2026\/04\/Letna05-768x1155.jpg 768w, https:\/\/www.archphoto.cz\/wp-content\/uploads\/2026\/04\/Letna05.jpg 798w\" sizes=\"(max-width: 768px) 100vw, 768px\" \/><\/a>\n\t\t\t<\/dt><\/dl><br style=\"clear: both\" \/><dl class='gallery-item'>\n\t\t\t<dt class='gallery-icon portrait'>\n\t\t\t\t<a data-elementor-open-lightbox=\"yes\" data-elementor-lightbox-slideshow=\"f829b89\" data-elementor-lightbox-title=\"Letna04\" data-e-action-hash=\"#elementor-action%3Aaction%3Dlightbox%26settings%3DeyJpZCI6MTk4MSwidXJsIjoiaHR0cHM6XC9cL3d3dy5hcmNocGhvdG8uY3pcL3dwLWNvbnRlbnRcL3VwbG9hZHNcLzIwMjZcLzA0XC9MZXRuYTA0LmpwZyIsInNsaWRlc2hvdyI6ImY4MjliODkifQ%3D%3D\" href='https:\/\/www.archphoto.cz\/wp-content\/uploads\/2026\/04\/Letna04.jpg'><img loading=\"lazy\" decoding=\"async\" width=\"768\" height=\"1155\" src=\"https:\/\/www.archphoto.cz\/wp-content\/uploads\/2026\/04\/Letna04-768x1155.jpg\" class=\"attachment-medium_large size-medium_large\" alt=\"\" srcset=\"https:\/\/www.archphoto.cz\/wp-content\/uploads\/2026\/04\/Letna04-768x1155.jpg 768w, https:\/\/www.archphoto.cz\/wp-content\/uploads\/2026\/04\/Letna04.jpg 798w\" sizes=\"(max-width: 768px) 100vw, 768px\" \/><\/a>\n\t\t\t<\/dt><\/dl><br style=\"clear: both\" \/><dl class='gallery-item'>\n\t\t\t<dt class='gallery-icon landscape'>\n\t\t\t\t<a data-elementor-open-lightbox=\"yes\" data-elementor-lightbox-slideshow=\"f829b89\" data-elementor-lightbox-title=\"Letna03\" data-e-action-hash=\"#elementor-action%3Aaction%3Dlightbox%26settings%3DeyJpZCI6MTk4MCwidXJsIjoiaHR0cHM6XC9cL3d3dy5hcmNocGhvdG8uY3pcL3dwLWNvbnRlbnRcL3VwbG9hZHNcLzIwMjZcLzA0XC9MZXRuYTAzLmpwZyIsInNsaWRlc2hvdyI6ImY4MjliODkifQ%3D%3D\" href='https:\/\/www.archphoto.cz\/wp-content\/uploads\/2026\/04\/Letna03.jpg'><img loading=\"lazy\" decoding=\"async\" width=\"768\" height=\"511\" src=\"https:\/\/www.archphoto.cz\/wp-content\/uploads\/2026\/04\/Letna03-768x511.jpg\" class=\"attachment-medium_large size-medium_large\" alt=\"\" srcset=\"https:\/\/www.archphoto.cz\/wp-content\/uploads\/2026\/04\/Letna03-768x511.jpg 768w, https:\/\/www.archphoto.cz\/wp-content\/uploads\/2026\/04\/Letna03-272x182.jpg 272w, https:\/\/www.archphoto.cz\/wp-content\/uploads\/2026\/04\/Letna03.jpg 1200w\" sizes=\"(max-width: 768px) 100vw, 768px\" \/><\/a>\n\t\t\t<\/dt><\/dl><br style=\"clear: both\" \/><dl class='gallery-item'>\n\t\t\t<dt class='gallery-icon portrait'>\n\t\t\t\t<a data-elementor-open-lightbox=\"yes\" data-elementor-lightbox-slideshow=\"f829b89\" data-elementor-lightbox-title=\"Letna02\" data-e-action-hash=\"#elementor-action%3Aaction%3Dlightbox%26settings%3DeyJpZCI6MTk3OSwidXJsIjoiaHR0cHM6XC9cL3d3dy5hcmNocGhvdG8uY3pcL3dwLWNvbnRlbnRcL3VwbG9hZHNcLzIwMjZcLzA0XC9MZXRuYTAyLmpwZyIsInNsaWRlc2hvdyI6ImY4MjliODkifQ%3D%3D\" href='https:\/\/www.archphoto.cz\/wp-content\/uploads\/2026\/04\/Letna02.jpg'><img loading=\"lazy\" decoding=\"async\" width=\"768\" height=\"1155\" src=\"https:\/\/www.archphoto.cz\/wp-content\/uploads\/2026\/04\/Letna02-768x1155.jpg\" class=\"attachment-medium_large size-medium_large\" alt=\"\" srcset=\"https:\/\/www.archphoto.cz\/wp-content\/uploads\/2026\/04\/Letna02-768x1155.jpg 768w, https:\/\/www.archphoto.cz\/wp-content\/uploads\/2026\/04\/Letna02.jpg 798w\" sizes=\"(max-width: 768px) 100vw, 768px\" \/><\/a>\n\t\t\t<\/dt><\/dl><br style=\"clear: both\" \/>\n\t\t<\/div>\n\t\t<\/div>\n\t\t\t\t\t\t<\/div>\n\t\t\t\t\t<\/div>\n\t\t\t\t<\/div>\n\t\t\t\t<\/div>\n\t\t","protected":false},"excerpt":{"rendered":"<p>Ing.arch. Jakub Fi\u0161er interi\u00e9r bytu na Letn\u00e9<\/p>\n","protected":false},"author":1,"featured_media":0,"parent":0,"menu_order":0,"comment_status":"closed","ping_status":"closed","template":"","meta":{"footnotes":""},"class_list":["post-1973","page","type-page","status-publish","hentry"],"_links":{"self":[{"href":"https:\/\/www.archphoto.cz\/index.php?rest_route=\/wp\/v2\/pages\/1973","targetHints":{"allow":["GET"]}}],"collection":[{"href":"https:\/\/www.archphoto.cz\/index.php?rest_route=\/wp\/v2\/pages"}],"about":[{"href":"https:\/\/www.archphoto.cz\/index.php?rest_route=\/wp\/v2\/types\/page"}],"author":[{"embeddable":true,"href":"https:\/\/www.archphoto.cz\/index.php?rest_route=\/wp\/v2\/users\/1"}],"replies":[{"embeddable":true,"href":"https:\/\/www.archphoto.cz\/index.php?rest_route=%2Fwp%2Fv2%2Fcomments&post=1973"}],"version-history":[{"count":12,"href":"https:\/\/www.archphoto.cz\/index.php?rest_route=\/wp\/v2\/pages\/1973\/revisions"}],"predecessor-version":[{"id":2125,"href":"https:\/\/www.archphoto.cz\/index.php?rest_route=\/wp\/v2\/pages\/1973\/revisions\/2125"}],"wp:attachment":[{"href":"https:\/\/www.archphoto.cz\/index.php?rest_route=%2Fwp%2Fv2%2Fmedia&parent=1973"}],"curies":[{"name":"wp","href":"https:\/\/api.w.org\/{rel}","templated":true}]}}