{"id":1733,"date":"2026-04-12T16:33:43","date_gmt":"2026-04-12T14:33:43","guid":{"rendered":"https:\/\/www.archphoto.cz\/?page_id=1733"},"modified":"2026-04-12T18:29:26","modified_gmt":"2026-04-12T16:29:26","slug":"15-strasnice","status":"publish","type":"page","link":"https:\/\/www.archphoto.cz\/?page_id=1733","title":{"rendered":"15 Stra\u0161nice"},"content":{"rendered":"\t\t<div data-elementor-type=\"wp-page\" data-elementor-id=\"1733\" class=\"elementor elementor-1733\">\n\t\t\t\t<div class=\"elementor-element elementor-element-a319338 e-flex e-con-boxed e-con e-parent\" data-id=\"a319338\" data-element_type=\"container\">\n\t\t\t\t\t<div class=\"e-con-inner\">\n\t\t\t\t<div class=\"elementor-element elementor-element-e03b005 elementor-widget elementor-widget-spacer\" data-id=\"e03b005\" data-element_type=\"widget\" data-widget_type=\"spacer.default\">\n\t\t\t\t\t\t\t<div class=\"elementor-spacer\">\n\t\t\t<div class=\"elementor-spacer-inner\"><\/div>\n\t\t<\/div>\n\t\t\t\t\t\t<\/div>\n\t\t\t\t\t<\/div>\n\t\t\t\t<\/div>\n\t\t<div class=\"elementor-element elementor-element-2905eca e-flex e-con-boxed e-con e-parent\" data-id=\"2905eca\" data-element_type=\"container\">\n\t\t\t\t\t<div class=\"e-con-inner\">\n\t\t\t\t<div class=\"elementor-element elementor-element-606ecce elementor-widget elementor-widget-text-editor\" data-id=\"606ecce\" data-element_type=\"widget\" data-widget_type=\"text-editor.default\">\n\t\t\t\t\t\t\t\t\t<p style=\"text-align: left;\">di5 architekti in\u017een\u00fd\u0159i s.r.o.<\/p><p style=\"text-align: left;\">Terasy Stra\u0161nice<\/p>\t\t\t\t\t\t\t\t<\/div>\n\t\t\t\t\t<\/div>\n\t\t\t\t<\/div>\n\t\t<div class=\"elementor-element elementor-element-539040d e-flex e-con-boxed e-con e-parent\" data-id=\"539040d\" data-element_type=\"container\">\n\t\t\t\t\t<div class=\"e-con-inner\">\n\t\t\t\t<div class=\"elementor-element elementor-element-48abec0 elementor-widget elementor-widget-image-gallery\" data-id=\"48abec0\" data-element_type=\"widget\" data-widget_type=\"image-gallery.default\">\n\t\t\t\t\t\t\t<div class=\"elementor-image-gallery\">\n\t\t\t\n\t\t<style type=\"text\/css\">\n\t\t\t#gallery-1 {\n\t\t\t\tmargin: auto;\n\t\t\t}\n\t\t\t#gallery-1 .gallery-item {\n\t\t\t\tfloat: left;\n\t\t\t\tmargin-top: 10px;\n\t\t\t\ttext-align: center;\n\t\t\t\twidth: 100%;\n\t\t\t}\n\t\t\t#gallery-1 img {\n\t\t\t\tborder: 2px solid #cfcfcf;\n\t\t\t}\n\t\t\t#gallery-1 .gallery-caption {\n\t\t\t\tmargin-left: 0;\n\t\t\t}\n\t\t\t\/* see gallery_shortcode() in wp-includes\/media.php *\/\n\t\t<\/style>\n\t\t<div id='gallery-1' class='gallery galleryid-1733 gallery-columns-1 gallery-size-medium_large'><dl class='gallery-item'>\n\t\t\t<dt class='gallery-icon landscape'>\n\t\t\t\t<a data-elementor-open-lightbox=\"yes\" data-elementor-lightbox-slideshow=\"48abec0\" data-elementor-lightbox-title=\"Strasnice01\" data-e-action-hash=\"#elementor-action%3Aaction%3Dlightbox%26settings%3DeyJpZCI6MTczNywidXJsIjoiaHR0cHM6XC9cL3d3dy5hcmNocGhvdG8uY3pcL3dwLWNvbnRlbnRcL3VwbG9hZHNcLzIwMjZcLzA0XC9TdHJhc25pY2UwMS5qcGciLCJzbGlkZXNob3ciOiI0OGFiZWMwIn0%3D\" href='https:\/\/www.archphoto.cz\/wp-content\/uploads\/2026\/04\/Strasnice01.jpg'><img fetchpriority=\"high\" decoding=\"async\" width=\"768\" height=\"521\" src=\"https:\/\/www.archphoto.cz\/wp-content\/uploads\/2026\/04\/Strasnice01-768x521.jpg\" class=\"attachment-medium_large size-medium_large\" alt=\"\" srcset=\"https:\/\/www.archphoto.cz\/wp-content\/uploads\/2026\/04\/Strasnice01-768x521.jpg 768w, https:\/\/www.archphoto.cz\/wp-content\/uploads\/2026\/04\/Strasnice01.jpg 1200w\" sizes=\"(max-width: 768px) 100vw, 768px\" \/><\/a>\n\t\t\t<\/dt><\/dl><br style=\"clear: both\" \/><dl class='gallery-item'>\n\t\t\t<dt class='gallery-icon landscape'>\n\t\t\t\t<a data-elementor-open-lightbox=\"yes\" data-elementor-lightbox-slideshow=\"48abec0\" data-elementor-lightbox-title=\"Strasnice02\" data-e-action-hash=\"#elementor-action%3Aaction%3Dlightbox%26settings%3DeyJpZCI6MTczOCwidXJsIjoiaHR0cHM6XC9cL3d3dy5hcmNocGhvdG8uY3pcL3dwLWNvbnRlbnRcL3VwbG9hZHNcLzIwMjZcLzA0XC9TdHJhc25pY2UwMi5qcGciLCJzbGlkZXNob3ciOiI0OGFiZWMwIn0%3D\" href='https:\/\/www.archphoto.cz\/wp-content\/uploads\/2026\/04\/Strasnice02.jpg'><img decoding=\"async\" width=\"768\" height=\"525\" src=\"https:\/\/www.archphoto.cz\/wp-content\/uploads\/2026\/04\/Strasnice02-768x525.jpg\" class=\"attachment-medium_large size-medium_large\" alt=\"\" srcset=\"https:\/\/www.archphoto.cz\/wp-content\/uploads\/2026\/04\/Strasnice02-768x525.jpg 768w, https:\/\/www.archphoto.cz\/wp-content\/uploads\/2026\/04\/Strasnice02.jpg 1200w\" sizes=\"(max-width: 768px) 100vw, 768px\" \/><\/a>\n\t\t\t<\/dt><\/dl><br style=\"clear: both\" \/><dl class='gallery-item'>\n\t\t\t<dt class='gallery-icon landscape'>\n\t\t\t\t<a data-elementor-open-lightbox=\"yes\" data-elementor-lightbox-slideshow=\"48abec0\" data-elementor-lightbox-title=\"Strasnice03\" data-e-action-hash=\"#elementor-action%3Aaction%3Dlightbox%26settings%3DeyJpZCI6MTczOSwidXJsIjoiaHR0cHM6XC9cL3d3dy5hcmNocGhvdG8uY3pcL3dwLWNvbnRlbnRcL3VwbG9hZHNcLzIwMjZcLzA0XC9TdHJhc25pY2UwMy5qcGciLCJzbGlkZXNob3ciOiI0OGFiZWMwIn0%3D\" href='https:\/\/www.archphoto.cz\/wp-content\/uploads\/2026\/04\/Strasnice03.jpg'><img decoding=\"async\" width=\"768\" height=\"536\" src=\"https:\/\/www.archphoto.cz\/wp-content\/uploads\/2026\/04\/Strasnice03-768x536.jpg\" class=\"attachment-medium_large size-medium_large\" alt=\"\" srcset=\"https:\/\/www.archphoto.cz\/wp-content\/uploads\/2026\/04\/Strasnice03-768x536.jpg 768w, https:\/\/www.archphoto.cz\/wp-content\/uploads\/2026\/04\/Strasnice03.jpg 1200w\" sizes=\"(max-width: 768px) 100vw, 768px\" \/><\/a>\n\t\t\t<\/dt><\/dl><br style=\"clear: both\" \/><dl class='gallery-item'>\n\t\t\t<dt class='gallery-icon portrait'>\n\t\t\t\t<a data-elementor-open-lightbox=\"yes\" data-elementor-lightbox-slideshow=\"48abec0\" data-elementor-lightbox-title=\"Strasnice04\" data-e-action-hash=\"#elementor-action%3Aaction%3Dlightbox%26settings%3DeyJpZCI6MTc0MCwidXJsIjoiaHR0cHM6XC9cL3d3dy5hcmNocGhvdG8uY3pcL3dwLWNvbnRlbnRcL3VwbG9hZHNcLzIwMjZcLzA0XC9TdHJhc25pY2UwNC5qcGciLCJzbGlkZXNob3ciOiI0OGFiZWMwIn0%3D\" href='https:\/\/www.archphoto.cz\/wp-content\/uploads\/2026\/04\/Strasnice04.jpg'><img loading=\"lazy\" decoding=\"async\" width=\"768\" height=\"1143\" src=\"https:\/\/www.archphoto.cz\/wp-content\/uploads\/2026\/04\/Strasnice04-768x1143.jpg\" class=\"attachment-medium_large size-medium_large\" alt=\"\" srcset=\"https:\/\/www.archphoto.cz\/wp-content\/uploads\/2026\/04\/Strasnice04-768x1143.jpg 768w, https:\/\/www.archphoto.cz\/wp-content\/uploads\/2026\/04\/Strasnice04.jpg 806w\" sizes=\"(max-width: 768px) 100vw, 768px\" \/><\/a>\n\t\t\t<\/dt><\/dl><br style=\"clear: both\" \/><dl class='gallery-item'>\n\t\t\t<dt class='gallery-icon landscape'>\n\t\t\t\t<a data-elementor-open-lightbox=\"yes\" data-elementor-lightbox-slideshow=\"48abec0\" data-elementor-lightbox-title=\"Strasnice05\" data-e-action-hash=\"#elementor-action%3Aaction%3Dlightbox%26settings%3DeyJpZCI6MTc0MSwidXJsIjoiaHR0cHM6XC9cL3d3dy5hcmNocGhvdG8uY3pcL3dwLWNvbnRlbnRcL3VwbG9hZHNcLzIwMjZcLzA0XC9TdHJhc25pY2UwNS5qcGciLCJzbGlkZXNob3ciOiI0OGFiZWMwIn0%3D\" href='https:\/\/www.archphoto.cz\/wp-content\/uploads\/2026\/04\/Strasnice05.jpg'><img loading=\"lazy\" decoding=\"async\" width=\"768\" height=\"513\" src=\"https:\/\/www.archphoto.cz\/wp-content\/uploads\/2026\/04\/Strasnice05-768x513.jpg\" class=\"attachment-medium_large size-medium_large\" alt=\"\" srcset=\"https:\/\/www.archphoto.cz\/wp-content\/uploads\/2026\/04\/Strasnice05-768x513.jpg 768w, https:\/\/www.archphoto.cz\/wp-content\/uploads\/2026\/04\/Strasnice05-272x182.jpg 272w, https:\/\/www.archphoto.cz\/wp-content\/uploads\/2026\/04\/Strasnice05.jpg 1200w\" sizes=\"(max-width: 768px) 100vw, 768px\" \/><\/a>\n\t\t\t<\/dt><\/dl><br style=\"clear: both\" \/><dl class='gallery-item'>\n\t\t\t<dt class='gallery-icon landscape'>\n\t\t\t\t<a data-elementor-open-lightbox=\"yes\" data-elementor-lightbox-slideshow=\"48abec0\" data-elementor-lightbox-title=\"Strasnice06\" data-e-action-hash=\"#elementor-action%3Aaction%3Dlightbox%26settings%3DeyJpZCI6MTc0MiwidXJsIjoiaHR0cHM6XC9cL3d3dy5hcmNocGhvdG8uY3pcL3dwLWNvbnRlbnRcL3VwbG9hZHNcLzIwMjZcLzA0XC9TdHJhc25pY2UwNi5qcGciLCJzbGlkZXNob3ciOiI0OGFiZWMwIn0%3D\" href='https:\/\/www.archphoto.cz\/wp-content\/uploads\/2026\/04\/Strasnice06.jpg'><img loading=\"lazy\" decoding=\"async\" width=\"768\" height=\"502\" src=\"https:\/\/www.archphoto.cz\/wp-content\/uploads\/2026\/04\/Strasnice06-768x502.jpg\" class=\"attachment-medium_large size-medium_large\" alt=\"\" srcset=\"https:\/\/www.archphoto.cz\/wp-content\/uploads\/2026\/04\/Strasnice06-768x502.jpg 768w, https:\/\/www.archphoto.cz\/wp-content\/uploads\/2026\/04\/Strasnice06.jpg 1200w\" sizes=\"(max-width: 768px) 100vw, 768px\" \/><\/a>\n\t\t\t<\/dt><\/dl><br style=\"clear: both\" \/><dl class='gallery-item'>\n\t\t\t<dt class='gallery-icon landscape'>\n\t\t\t\t<a data-elementor-open-lightbox=\"yes\" data-elementor-lightbox-slideshow=\"48abec0\" data-elementor-lightbox-title=\"Strasnice07\" data-e-action-hash=\"#elementor-action%3Aaction%3Dlightbox%26settings%3DeyJpZCI6MTc0MywidXJsIjoiaHR0cHM6XC9cL3d3dy5hcmNocGhvdG8uY3pcL3dwLWNvbnRlbnRcL3VwbG9hZHNcLzIwMjZcLzA0XC9TdHJhc25pY2UwNy5qcGciLCJzbGlkZXNob3ciOiI0OGFiZWMwIn0%3D\" href='https:\/\/www.archphoto.cz\/wp-content\/uploads\/2026\/04\/Strasnice07.jpg'><img loading=\"lazy\" decoding=\"async\" width=\"768\" height=\"607\" src=\"https:\/\/www.archphoto.cz\/wp-content\/uploads\/2026\/04\/Strasnice07-768x607.jpg\" class=\"attachment-medium_large size-medium_large\" alt=\"\" srcset=\"https:\/\/www.archphoto.cz\/wp-content\/uploads\/2026\/04\/Strasnice07-768x607.jpg 768w, https:\/\/www.archphoto.cz\/wp-content\/uploads\/2026\/04\/Strasnice07.jpg 1200w\" sizes=\"(max-width: 768px) 100vw, 768px\" \/><\/a>\n\t\t\t<\/dt><\/dl><br style=\"clear: both\" \/><dl class='gallery-item'>\n\t\t\t<dt class='gallery-icon portrait'>\n\t\t\t\t<a data-elementor-open-lightbox=\"yes\" data-elementor-lightbox-slideshow=\"48abec0\" data-elementor-lightbox-title=\"Strasnice08\" data-e-action-hash=\"#elementor-action%3Aaction%3Dlightbox%26settings%3DeyJpZCI6MTc0NCwidXJsIjoiaHR0cHM6XC9cL3d3dy5hcmNocGhvdG8uY3pcL3dwLWNvbnRlbnRcL3VwbG9hZHNcLzIwMjZcLzA0XC9TdHJhc25pY2UwOC5qcGciLCJzbGlkZXNob3ciOiI0OGFiZWMwIn0%3D\" href='https:\/\/www.archphoto.cz\/wp-content\/uploads\/2026\/04\/Strasnice08.jpg'><img loading=\"lazy\" decoding=\"async\" width=\"768\" height=\"1156\" src=\"https:\/\/www.archphoto.cz\/wp-content\/uploads\/2026\/04\/Strasnice08-768x1156.jpg\" class=\"attachment-medium_large size-medium_large\" alt=\"\" srcset=\"https:\/\/www.archphoto.cz\/wp-content\/uploads\/2026\/04\/Strasnice08-768x1156.jpg 768w, https:\/\/www.archphoto.cz\/wp-content\/uploads\/2026\/04\/Strasnice08.jpg 797w\" sizes=\"(max-width: 768px) 100vw, 768px\" \/><\/a>\n\t\t\t<\/dt><\/dl><br style=\"clear: both\" \/><dl class='gallery-item'>\n\t\t\t<dt class='gallery-icon portrait'>\n\t\t\t\t<a data-elementor-open-lightbox=\"yes\" data-elementor-lightbox-slideshow=\"48abec0\" data-elementor-lightbox-title=\"Strasnice09\" data-e-action-hash=\"#elementor-action%3Aaction%3Dlightbox%26settings%3DeyJpZCI6MTc0NSwidXJsIjoiaHR0cHM6XC9cL3d3dy5hcmNocGhvdG8uY3pcL3dwLWNvbnRlbnRcL3VwbG9hZHNcLzIwMjZcLzA0XC9TdHJhc25pY2UwOS5qcGciLCJzbGlkZXNob3ciOiI0OGFiZWMwIn0%3D\" href='https:\/\/www.archphoto.cz\/wp-content\/uploads\/2026\/04\/Strasnice09.jpg'><img loading=\"lazy\" decoding=\"async\" width=\"768\" height=\"1134\" src=\"https:\/\/www.archphoto.cz\/wp-content\/uploads\/2026\/04\/Strasnice09-768x1134.jpg\" class=\"attachment-medium_large size-medium_large\" alt=\"\" srcset=\"https:\/\/www.archphoto.cz\/wp-content\/uploads\/2026\/04\/Strasnice09-768x1134.jpg 768w, https:\/\/www.archphoto.cz\/wp-content\/uploads\/2026\/04\/Strasnice09.jpg 813w\" sizes=\"(max-width: 768px) 100vw, 768px\" \/><\/a>\n\t\t\t<\/dt><\/dl><br style=\"clear: both\" \/><dl class='gallery-item'>\n\t\t\t<dt class='gallery-icon portrait'>\n\t\t\t\t<a data-elementor-open-lightbox=\"yes\" data-elementor-lightbox-slideshow=\"48abec0\" data-elementor-lightbox-title=\"Strasnice10\" data-e-action-hash=\"#elementor-action%3Aaction%3Dlightbox%26settings%3DeyJpZCI6MTc0NiwidXJsIjoiaHR0cHM6XC9cL3d3dy5hcmNocGhvdG8uY3pcL3dwLWNvbnRlbnRcL3VwbG9hZHNcLzIwMjZcLzA0XC9TdHJhc25pY2UxMC5qcGciLCJzbGlkZXNob3ciOiI0OGFiZWMwIn0%3D\" href='https:\/\/www.archphoto.cz\/wp-content\/uploads\/2026\/04\/Strasnice10.jpg'><img loading=\"lazy\" decoding=\"async\" width=\"768\" height=\"1173\" src=\"https:\/\/www.archphoto.cz\/wp-content\/uploads\/2026\/04\/Strasnice10-768x1173.jpg\" class=\"attachment-medium_large size-medium_large\" alt=\"\" srcset=\"https:\/\/www.archphoto.cz\/wp-content\/uploads\/2026\/04\/Strasnice10-768x1173.jpg 768w, https:\/\/www.archphoto.cz\/wp-content\/uploads\/2026\/04\/Strasnice10.jpg 786w\" sizes=\"(max-width: 768px) 100vw, 768px\" \/><\/a>\n\t\t\t<\/dt><\/dl><br style=\"clear: both\" \/><dl class='gallery-item'>\n\t\t\t<dt class='gallery-icon portrait'>\n\t\t\t\t<a data-elementor-open-lightbox=\"yes\" data-elementor-lightbox-slideshow=\"48abec0\" data-elementor-lightbox-title=\"Strasnice11\" data-e-action-hash=\"#elementor-action%3Aaction%3Dlightbox%26settings%3DeyJpZCI6MTc0NywidXJsIjoiaHR0cHM6XC9cL3d3dy5hcmNocGhvdG8uY3pcL3dwLWNvbnRlbnRcL3VwbG9hZHNcLzIwMjZcLzA0XC9TdHJhc25pY2UxMS5qcGciLCJzbGlkZXNob3ciOiI0OGFiZWMwIn0%3D\" href='https:\/\/www.archphoto.cz\/wp-content\/uploads\/2026\/04\/Strasnice11.jpg'><img loading=\"lazy\" decoding=\"async\" width=\"768\" height=\"1106\" src=\"https:\/\/www.archphoto.cz\/wp-content\/uploads\/2026\/04\/Strasnice11-768x1106.jpg\" class=\"attachment-medium_large size-medium_large\" alt=\"\" srcset=\"https:\/\/www.archphoto.cz\/wp-content\/uploads\/2026\/04\/Strasnice11-768x1106.jpg 768w, https:\/\/www.archphoto.cz\/wp-content\/uploads\/2026\/04\/Strasnice11.jpg 833w\" sizes=\"(max-width: 768px) 100vw, 768px\" \/><\/a>\n\t\t\t<\/dt><\/dl><br style=\"clear: both\" \/><dl class='gallery-item'>\n\t\t\t<dt class='gallery-icon portrait'>\n\t\t\t\t<a data-elementor-open-lightbox=\"yes\" data-elementor-lightbox-slideshow=\"48abec0\" data-elementor-lightbox-title=\"Strasnice12\" data-e-action-hash=\"#elementor-action%3Aaction%3Dlightbox%26settings%3DeyJpZCI6MTc0OCwidXJsIjoiaHR0cHM6XC9cL3d3dy5hcmNocGhvdG8uY3pcL3dwLWNvbnRlbnRcL3VwbG9hZHNcLzIwMjZcLzA0XC9TdHJhc25pY2UxMi5qcGciLCJzbGlkZXNob3ciOiI0OGFiZWMwIn0%3D\" href='https:\/\/www.archphoto.cz\/wp-content\/uploads\/2026\/04\/Strasnice12.jpg'><img loading=\"lazy\" decoding=\"async\" width=\"768\" height=\"1068\" src=\"https:\/\/www.archphoto.cz\/wp-content\/uploads\/2026\/04\/Strasnice12-768x1068.jpg\" class=\"attachment-medium_large size-medium_large\" alt=\"\" srcset=\"https:\/\/www.archphoto.cz\/wp-content\/uploads\/2026\/04\/Strasnice12-768x1068.jpg 768w, https:\/\/www.archphoto.cz\/wp-content\/uploads\/2026\/04\/Strasnice12.jpg 863w\" sizes=\"(max-width: 768px) 100vw, 768px\" \/><\/a>\n\t\t\t<\/dt><\/dl><br style=\"clear: both\" \/><dl class='gallery-item'>\n\t\t\t<dt class='gallery-icon portrait'>\n\t\t\t\t<a data-elementor-open-lightbox=\"yes\" data-elementor-lightbox-slideshow=\"48abec0\" data-elementor-lightbox-title=\"Strasnice13\" data-e-action-hash=\"#elementor-action%3Aaction%3Dlightbox%26settings%3DeyJpZCI6MTc0OSwidXJsIjoiaHR0cHM6XC9cL3d3dy5hcmNocGhvdG8uY3pcL3dwLWNvbnRlbnRcL3VwbG9hZHNcLzIwMjZcLzA0XC9TdHJhc25pY2UxMy5qcGciLCJzbGlkZXNob3ciOiI0OGFiZWMwIn0%3D\" href='https:\/\/www.archphoto.cz\/wp-content\/uploads\/2026\/04\/Strasnice13.jpg'><img loading=\"lazy\" decoding=\"async\" width=\"768\" height=\"1152\" src=\"https:\/\/www.archphoto.cz\/wp-content\/uploads\/2026\/04\/Strasnice13-768x1152.jpg\" class=\"attachment-medium_large size-medium_large\" alt=\"\" srcset=\"https:\/\/www.archphoto.cz\/wp-content\/uploads\/2026\/04\/Strasnice13-768x1152.jpg 768w, https:\/\/www.archphoto.cz\/wp-content\/uploads\/2026\/04\/Strasnice13.jpg 800w\" sizes=\"(max-width: 768px) 100vw, 768px\" \/><\/a>\n\t\t\t<\/dt><\/dl><br style=\"clear: both\" \/><dl class='gallery-item'>\n\t\t\t<dt class='gallery-icon portrait'>\n\t\t\t\t<a data-elementor-open-lightbox=\"yes\" data-elementor-lightbox-slideshow=\"48abec0\" data-elementor-lightbox-title=\"Strasnice14\" data-e-action-hash=\"#elementor-action%3Aaction%3Dlightbox%26settings%3DeyJpZCI6MTc1MCwidXJsIjoiaHR0cHM6XC9cL3d3dy5hcmNocGhvdG8uY3pcL3dwLWNvbnRlbnRcL3VwbG9hZHNcLzIwMjZcLzA0XC9TdHJhc25pY2UxNC5qcGciLCJzbGlkZXNob3ciOiI0OGFiZWMwIn0%3D\" href='https:\/\/www.archphoto.cz\/wp-content\/uploads\/2026\/04\/Strasnice14.jpg'><img loading=\"lazy\" decoding=\"async\" width=\"768\" height=\"1080\" src=\"https:\/\/www.archphoto.cz\/wp-content\/uploads\/2026\/04\/Strasnice14-768x1080.jpg\" class=\"attachment-medium_large size-medium_large\" alt=\"\" srcset=\"https:\/\/www.archphoto.cz\/wp-content\/uploads\/2026\/04\/Strasnice14-768x1080.jpg 768w, https:\/\/www.archphoto.cz\/wp-content\/uploads\/2026\/04\/Strasnice14.jpg 853w\" sizes=\"(max-width: 768px) 100vw, 768px\" \/><\/a>\n\t\t\t<\/dt><\/dl><br style=\"clear: both\" \/><dl class='gallery-item'>\n\t\t\t<dt class='gallery-icon landscape'>\n\t\t\t\t<a data-elementor-open-lightbox=\"yes\" data-elementor-lightbox-slideshow=\"48abec0\" data-elementor-lightbox-title=\"Strasnice15\" data-e-action-hash=\"#elementor-action%3Aaction%3Dlightbox%26settings%3DeyJpZCI6MTc1MSwidXJsIjoiaHR0cHM6XC9cL3d3dy5hcmNocGhvdG8uY3pcL3dwLWNvbnRlbnRcL3VwbG9hZHNcLzIwMjZcLzA0XC9TdHJhc25pY2UxNS5qcGciLCJzbGlkZXNob3ciOiI0OGFiZWMwIn0%3D\" href='https:\/\/www.archphoto.cz\/wp-content\/uploads\/2026\/04\/Strasnice15.jpg'><img loading=\"lazy\" decoding=\"async\" width=\"768\" height=\"550\" src=\"https:\/\/www.archphoto.cz\/wp-content\/uploads\/2026\/04\/Strasnice15-768x550.jpg\" class=\"attachment-medium_large size-medium_large\" alt=\"\" srcset=\"https:\/\/www.archphoto.cz\/wp-content\/uploads\/2026\/04\/Strasnice15-768x550.jpg 768w, https:\/\/www.archphoto.cz\/wp-content\/uploads\/2026\/04\/Strasnice15.jpg 1200w\" sizes=\"(max-width: 768px) 100vw, 768px\" \/><\/a>\n\t\t\t<\/dt><\/dl><br style=\"clear: both\" \/><dl class='gallery-item'>\n\t\t\t<dt class='gallery-icon portrait'>\n\t\t\t\t<a data-elementor-open-lightbox=\"yes\" data-elementor-lightbox-slideshow=\"48abec0\" data-elementor-lightbox-title=\"Strasnice16\" data-e-action-hash=\"#elementor-action%3Aaction%3Dlightbox%26settings%3DeyJpZCI6MTc1MiwidXJsIjoiaHR0cHM6XC9cL3d3dy5hcmNocGhvdG8uY3pcL3dwLWNvbnRlbnRcL3VwbG9hZHNcLzIwMjZcLzA0XC9TdHJhc25pY2UxNi5qcGciLCJzbGlkZXNob3ciOiI0OGFiZWMwIn0%3D\" href='https:\/\/www.archphoto.cz\/wp-content\/uploads\/2026\/04\/Strasnice16.jpg'><img loading=\"lazy\" decoding=\"async\" width=\"768\" height=\"1151\" src=\"https:\/\/www.archphoto.cz\/wp-content\/uploads\/2026\/04\/Strasnice16-768x1151.jpg\" class=\"attachment-medium_large size-medium_large\" alt=\"\" srcset=\"https:\/\/www.archphoto.cz\/wp-content\/uploads\/2026\/04\/Strasnice16-768x1151.jpg 768w, https:\/\/www.archphoto.cz\/wp-content\/uploads\/2026\/04\/Strasnice16.jpg 801w\" sizes=\"(max-width: 768px) 100vw, 768px\" \/><\/a>\n\t\t\t<\/dt><\/dl><br style=\"clear: both\" \/><dl class='gallery-item'>\n\t\t\t<dt class='gallery-icon landscape'>\n\t\t\t\t<a data-elementor-open-lightbox=\"yes\" data-elementor-lightbox-slideshow=\"48abec0\" data-elementor-lightbox-title=\"Strasnice17\" data-e-action-hash=\"#elementor-action%3Aaction%3Dlightbox%26settings%3DeyJpZCI6MTc1MywidXJsIjoiaHR0cHM6XC9cL3d3dy5hcmNocGhvdG8uY3pcL3dwLWNvbnRlbnRcL3VwbG9hZHNcLzIwMjZcLzA0XC9TdHJhc25pY2UxNy5qcGciLCJzbGlkZXNob3ciOiI0OGFiZWMwIn0%3D\" href='https:\/\/www.archphoto.cz\/wp-content\/uploads\/2026\/04\/Strasnice17.jpg'><img loading=\"lazy\" decoding=\"async\" width=\"768\" height=\"525\" src=\"https:\/\/www.archphoto.cz\/wp-content\/uploads\/2026\/04\/Strasnice17-768x525.jpg\" class=\"attachment-medium_large size-medium_large\" alt=\"\" srcset=\"https:\/\/www.archphoto.cz\/wp-content\/uploads\/2026\/04\/Strasnice17-768x525.jpg 768w, https:\/\/www.archphoto.cz\/wp-content\/uploads\/2026\/04\/Strasnice17.jpg 1200w\" sizes=\"(max-width: 768px) 100vw, 768px\" \/><\/a>\n\t\t\t<\/dt><\/dl><br style=\"clear: both\" \/><dl class='gallery-item'>\n\t\t\t<dt class='gallery-icon portrait'>\n\t\t\t\t<a data-elementor-open-lightbox=\"yes\" data-elementor-lightbox-slideshow=\"48abec0\" data-elementor-lightbox-title=\"Strasnice18\" data-e-action-hash=\"#elementor-action%3Aaction%3Dlightbox%26settings%3DeyJpZCI6MTc1NCwidXJsIjoiaHR0cHM6XC9cL3d3dy5hcmNocGhvdG8uY3pcL3dwLWNvbnRlbnRcL3VwbG9hZHNcLzIwMjZcLzA0XC9TdHJhc25pY2UxOC5qcGciLCJzbGlkZXNob3ciOiI0OGFiZWMwIn0%3D\" href='https:\/\/www.archphoto.cz\/wp-content\/uploads\/2026\/04\/Strasnice18.jpg'><img loading=\"lazy\" decoding=\"async\" width=\"768\" height=\"1174\" src=\"https:\/\/www.archphoto.cz\/wp-content\/uploads\/2026\/04\/Strasnice18-768x1174.jpg\" class=\"attachment-medium_large size-medium_large\" alt=\"\" srcset=\"https:\/\/www.archphoto.cz\/wp-content\/uploads\/2026\/04\/Strasnice18-768x1174.jpg 768w, https:\/\/www.archphoto.cz\/wp-content\/uploads\/2026\/04\/Strasnice18.jpg 785w\" sizes=\"(max-width: 768px) 100vw, 768px\" \/><\/a>\n\t\t\t<\/dt><\/dl><br style=\"clear: both\" \/><dl class='gallery-item'>\n\t\t\t<dt class='gallery-icon portrait'>\n\t\t\t\t<a data-elementor-open-lightbox=\"yes\" data-elementor-lightbox-slideshow=\"48abec0\" data-elementor-lightbox-title=\"Strasnice19\" data-e-action-hash=\"#elementor-action%3Aaction%3Dlightbox%26settings%3DeyJpZCI6MTc1NSwidXJsIjoiaHR0cHM6XC9cL3d3dy5hcmNocGhvdG8uY3pcL3dwLWNvbnRlbnRcL3VwbG9hZHNcLzIwMjZcLzA0XC9TdHJhc25pY2UxOS5qcGciLCJzbGlkZXNob3ciOiI0OGFiZWMwIn0%3D\" href='https:\/\/www.archphoto.cz\/wp-content\/uploads\/2026\/04\/Strasnice19.jpg'><img loading=\"lazy\" decoding=\"async\" width=\"768\" height=\"1118\" src=\"https:\/\/www.archphoto.cz\/wp-content\/uploads\/2026\/04\/Strasnice19-768x1118.jpg\" class=\"attachment-medium_large size-medium_large\" alt=\"\" srcset=\"https:\/\/www.archphoto.cz\/wp-content\/uploads\/2026\/04\/Strasnice19-768x1118.jpg 768w, https:\/\/www.archphoto.cz\/wp-content\/uploads\/2026\/04\/Strasnice19.jpg 824w\" sizes=\"(max-width: 768px) 100vw, 768px\" \/><\/a>\n\t\t\t<\/dt><\/dl><br style=\"clear: both\" \/><dl class='gallery-item'>\n\t\t\t<dt class='gallery-icon portrait'>\n\t\t\t\t<a data-elementor-open-lightbox=\"yes\" data-elementor-lightbox-slideshow=\"48abec0\" data-elementor-lightbox-title=\"Strasnice20\" data-e-action-hash=\"#elementor-action%3Aaction%3Dlightbox%26settings%3DeyJpZCI6MTc1NiwidXJsIjoiaHR0cHM6XC9cL3d3dy5hcmNocGhvdG8uY3pcL3dwLWNvbnRlbnRcL3VwbG9hZHNcLzIwMjZcLzA0XC9TdHJhc25pY2UyMC5qcGciLCJzbGlkZXNob3ciOiI0OGFiZWMwIn0%3D\" href='https:\/\/www.archphoto.cz\/wp-content\/uploads\/2026\/04\/Strasnice20.jpg'><img loading=\"lazy\" decoding=\"async\" width=\"768\" height=\"1092\" src=\"https:\/\/www.archphoto.cz\/wp-content\/uploads\/2026\/04\/Strasnice20-768x1092.jpg\" class=\"attachment-medium_large size-medium_large\" alt=\"\" srcset=\"https:\/\/www.archphoto.cz\/wp-content\/uploads\/2026\/04\/Strasnice20-768x1092.jpg 768w, https:\/\/www.archphoto.cz\/wp-content\/uploads\/2026\/04\/Strasnice20.jpg 844w\" sizes=\"(max-width: 768px) 100vw, 768px\" \/><\/a>\n\t\t\t<\/dt><\/dl><br style=\"clear: both\" \/><dl class='gallery-item'>\n\t\t\t<dt class='gallery-icon landscape'>\n\t\t\t\t<a data-elementor-open-lightbox=\"yes\" data-elementor-lightbox-slideshow=\"48abec0\" data-elementor-lightbox-title=\"Strasnice21\" data-e-action-hash=\"#elementor-action%3Aaction%3Dlightbox%26settings%3DeyJpZCI6MTc1NywidXJsIjoiaHR0cHM6XC9cL3d3dy5hcmNocGhvdG8uY3pcL3dwLWNvbnRlbnRcL3VwbG9hZHNcLzIwMjZcLzA0XC9TdHJhc25pY2UyMS5qcGciLCJzbGlkZXNob3ciOiI0OGFiZWMwIn0%3D\" href='https:\/\/www.archphoto.cz\/wp-content\/uploads\/2026\/04\/Strasnice21.jpg'><img loading=\"lazy\" decoding=\"async\" width=\"768\" height=\"513\" src=\"https:\/\/www.archphoto.cz\/wp-content\/uploads\/2026\/04\/Strasnice21-768x513.jpg\" class=\"attachment-medium_large size-medium_large\" alt=\"\" srcset=\"https:\/\/www.archphoto.cz\/wp-content\/uploads\/2026\/04\/Strasnice21-768x513.jpg 768w, https:\/\/www.archphoto.cz\/wp-content\/uploads\/2026\/04\/Strasnice21-272x182.jpg 272w, https:\/\/www.archphoto.cz\/wp-content\/uploads\/2026\/04\/Strasnice21.jpg 1200w\" sizes=\"(max-width: 768px) 100vw, 768px\" \/><\/a>\n\t\t\t<\/dt><\/dl><br style=\"clear: both\" \/>\n\t\t<\/div>\n\t\t<\/div>\n\t\t\t\t\t\t<\/div>\n\t\t\t\t\t<\/div>\n\t\t\t\t<\/div>\n\t\t\t\t<\/div>\n\t\t","protected":false},"excerpt":{"rendered":"<p>di5 architekti in\u017een\u00fd\u0159i s.r.o. Terasy Stra\u0161nice<\/p>\n","protected":false},"author":1,"featured_media":0,"parent":0,"menu_order":0,"comment_status":"closed","ping_status":"closed","template":"","meta":{"footnotes":""},"class_list":["post-1733","page","type-page","status-publish","hentry"],"_links":{"self":[{"href":"https:\/\/www.archphoto.cz\/index.php?rest_route=\/wp\/v2\/pages\/1733","targetHints":{"allow":["GET"]}}],"collection":[{"href":"https:\/\/www.archphoto.cz\/index.php?rest_route=\/wp\/v2\/pages"}],"about":[{"href":"https:\/\/www.archphoto.cz\/index.php?rest_route=\/wp\/v2\/types\/page"}],"author":[{"embeddable":true,"href":"https:\/\/www.archphoto.cz\/index.php?rest_route=\/wp\/v2\/users\/1"}],"replies":[{"embeddable":true,"href":"https:\/\/www.archphoto.cz\/index.php?rest_route=%2Fwp%2Fv2%2Fcomments&post=1733"}],"version-history":[{"count":9,"href":"https:\/\/www.archphoto.cz\/index.php?rest_route=\/wp\/v2\/pages\/1733\/revisions"}],"predecessor-version":[{"id":2062,"href":"https:\/\/www.archphoto.cz\/index.php?rest_route=\/wp\/v2\/pages\/1733\/revisions\/2062"}],"wp:attachment":[{"href":"https:\/\/www.archphoto.cz\/index.php?rest_route=%2Fwp%2Fv2%2Fmedia&parent=1733"}],"curies":[{"name":"wp","href":"https:\/\/api.w.org\/{rel}","templated":true}]}}